hat is -e + 4f0e50?
4f0e42
In base 2, what is 1100100110000111000111001 - -100?
1100100110000111000111101
In base 2, what is -10101110001000110011 - -100?
-10101110001000101111
In base 3, what is 21201101002010211 + -11?
21201101002010200
In base 13, what is 225c + -29c?
1c90
In base 13, what is -1 + 34c25a?
34c259
In base 12, what is -a5 - 24520?
-24605
In base 6, what is -423543222110 - -5?
-423543222101
In base 2, what is 1100010010000100100 - 110001011?
1100010001010011001
In base 13, what is -8 - 3611a8?
-3611b3
In base 16, what is -20e9 - 2e4?
-23cd
In base 6, what is 21233333001 + -5?
21233332552
In base 12, what is 48548 - -52?
4859a
In base 9, what is -2803 - 2010?
-4813
In base 11, what is 1520071a + -13?
15200707
In base 2, what is 10111111100 + 10110001111110?
11001001111010
In base 12, what is 316 + 697216?
697530
In base 14, what is -2603 - -5359?
2b56
In base 3, what is 2010010012221 - -2?
2010010020000
In base 6, what is -105 + -303141503?
-303142012
In base 4, what is -2 + 30303210221303?
30303210221301
In base 9, what is -2 - 11167045?
-11167047
In base 15, what is 43c - -318cd?
31d1a
In base 2, what is -1111110111001111011001 - 100010?
-1111110111001111111011
In base 12, what is 1 - 634602?
-634601
In base 13, what is 54387cb8 - -2?
54387cba
In base 3, what is 2101000 - 2222111?
-121111
In base 13, what is -678 + 6a655?
69caa
In base 14, what is -a7 - 5cc585?
-5cc64c
In base 6, what is 1000 + -422423?
-421423
In base 15, what is -2a - -537c14?
537bd9
In base 2, what is -1001 - 101101010011100110001?
-101101010011100111010
In base 2, what is 110011 - -1011011000010000000001?
1011011000010000110100
In base 2, what is -10010010000 - -1111001000010?
1100110110010
In base 2, what is -11101101110011110 - 1?
-11101101110011111
In base 11, what is 109197 + -2916?
106381
In base 12, what is 2 + 25b9837?
25b9839
In base 3, what is 11210 + -12020202000?
-12020120020
In base 8, what is 22 + -7755465?
-7755443
In base 14, what is -1a75 + 1b34d?
196b8
In base 8, what is 601147 + -77?
601050
In base 13, what is -c63962 + -14?
-c63976
In base 3, what is -2102000121120110 + 10?
-2102000121120100
In base 5, what is -14111024032 + -10?
-14111024042
In base 6, what is -411 - 1122554?
-1123405
In base 7, what is 22 + 236141066?
236141121
In base 16, what is 97 - 102e79?
-102de2
In base 14, what is -484140 + -1?
-484141
In base 8, what is 25132723 + -1?
25132722
In base 15, what is 9000 - -100?
9100
In base 12, what is 238 + 6276b?
629a7
In base 7, what is -2220 + -36441?
-41661
In base 3, what is -10 - 1001212000100211?
-1001212000100221
In base 10, what is -146 + 385498?
385352
In base 15, what is 1c - -2b06745?
2b06762
In base 5, what is 2120 - 113134120?
-113132000
In base 10, what is 9565 - -6221?
15786
In base 12, what is 65179101 - -1?
65179102
In base 9, what is 70706 - -3601?
74407
In base 7, what is 240 + 6141336?
6141606
In base 13, what is -706 - -30ba?
26b4
In base 5, what is -12 + 323300211041?
323300211024
In base 6, what is 34344 - 25035?
5305
In base 12, what is 4107ab0 + -16?
4107a96
In base 9, what is -14 - -10013108?
10013084
In base 5, what is -1011 + 1120012003?
1120010442
In base 3, what is 1110202201020 - -201?
1110202201221
In base 7, what is 40011615 + -14?
40011601
In base 14, what is 5922a5 - -1a?
5922c1
In base 4, what is -132 + -2120232020?
-2120232212
In base 8, what is 127604114 + 5?
127604121
In base 11, what is -a2 + 68986?
68894
In base 2, what is 101 - 1000101010110111110010?
-1000101010110111101101
In base 3, what is 1 - -20121122020010?
20121122020011
In base 4, what is -21302001130 + 12?
-21302001112
In base 14, what is 247 + -2bb9?
-2972
In base 4, what is -13 + 10100030120?
10100030101
In base 5, what is 21423412 - 104?
21423303
In base 6, what is -104303 + 4420?
-55443
In base 3, what is -2211 + -22220102022211?
-22220102102122
In base 5, what is -204 - 300?
-1004
In base 12, what is 685 - -143099?
143762
In base 15, what is -dc4c1c - 1?
-dc4c1d
In base 5, what is -21122034 + -22?
-21122111
In base 6, what is -33 + 4024345?
4024312
In base 3, what is 1120220 + -1011100000111?
-1011021102121
In base 12, what is -11a24601 + -8?
-11a24609
In base 2, what is -1011001100 - -110100001011110?
110010110010010
In base 8, what is 51715 - 3721?
45774
In base 5, what is 443002014 - -20?
443002034
In base 15, what is -2a953 - 1c4?
-2ab27
In base 13, what is 67cc + -b333?
-4834
In base 10, what is -18 - 618740?
-618758
In base 4, what is -3 + 11020111113123?
11020111113120
In base 2, what is -101 - -111110011101101001101000?
111110011101101001100011
In base 9, what is 1807 + -541116?
-538208
In base 6, what is 11440420 + 35?
11440455
In base 16, what is 22ad + 1bb4?
3e61
In base 16, what is 16aeb21 - -b?
16aeb2c
In base 6, what is -123 - 2034211?
-2034334
In base 3, what is -20002001202021 - 101?
-20002001202122
In base 8, what is -744631 + -6?
-744637
In base 16, what is -11f88b + -b6?
-11f941
In base 3, what is -2212020 + 1120122?
-1021121
In base 12, what is -246ba98 + -4?
-246baa0
In base 11, what is 603463 + -142?
603321
In base 3, what is -1020222121 - 222222000?
-2020221121
In base 9, what is -832663 - -527?
-832135
In base 7, what is -242453343 + 43?
-242453300
In base 7, what is 166125 - 143?
165652
In base 4, what is -3102 + -100310101?
-100313203
In base 13, what is -58a4 + 3a4?
-5500
In base 15, what is -7d - -131130?
1310a2
In base 8, what is 6015150 + 2?
6015152
In base 5, what is -230100 - 104243?
-334343
In base 14, what is -1cd + -545?
-734
In base 9, what is 6737270 + -242?
6737027
In base 5, what is -10243 + 202320410?
202310112
In base 12, what is -2711961 + -15?
-2711976
In base 5, what is -1 - -14424224301?
14424224300
In base 5, what is -132 + -1144423404?
-1144424041
In base 10, what is 731 + -303973?
-303242
In base 7, what is 1 - -404061102?
404061103
In base 10, what is -126019 + -65?
-126084
In base 14, what is 5 - -6524805?
652480a
In base 5, what is 33400 - 2333?
31012
In base 11, what is -143a - 157958?
-159297
In base 5, what is 244424 + -102103?
142321
In base 7, what is -1022241443 + -5?
-1022241451
In base 5, what is 0 - 23244020304?
-23244020304
In base 6, what is -5 + 1022101123?
1022101114
In base 9, what is 1 - -3454435?
3454436
In base 16, what is 34ae3e + -13?
34ae2b
In base 2, what is -1100001010100 - 11111111011?
-10000001001111
In base 14, what is -c7 + -79d4?
-7abb
In base 4, what is -2 - -1020133003?
1020133001
In base 2, what is 10011110110001111010100 - 100?
10011110110001111010000
In base 2, what is -11001111100100000 - -10?
-11001111100011110
In base 7, what is 14114 + 366?
14513
In base 10, what is -1737745 + 0?
-1737745
In base 15, what is -1d6 - -1a1da?
1a004
In base 9, what is 20 - 16802778?
-16802758
In base 3, what is 20221100202020 + -10122?
20221100121121
In base 5, what is -11323424 + 3212?
-11320212
In base 15, what is -aa3 + 7cd?
-2c5
In base 11, what is -81 - -136a55?
136984
In base 2, what is -1011001001110110001011 - 111010?
-1011001001110111000101
In base 12, what is -18 + 225454?
225438
In base 3, what is 1222 - 10110001010211?
-10110001001212
In base 6, what is 330152 + -22333?
303415
In base 15, what is 9a3608 + 1?
9a3609
In base 4, what is 0 - -223330301312?
223330301312
In base 7, what is 152103213 - -10?
152103223
In base 6, what is -512 - 3101403?
-3102315
In base 10, what is 27885248 - -2?
27885250
In base 10, what is -2136 - 13348?
-15484
In base 9, what is -1 - 21143081?
-21143082
In base 4, what is 10 - -22332313301213?
22332313301223
In base 11, what is -4 - -6a686200?
6a6861a7
In base 15, what is -4be15 + -a3?
-4beb8
In base 5, what is -43204 - 23023222?
-23121431
In base 14, what is -937 - 8573?
-90aa
In base 7, what is 51 + -24313005?
-24312624
In base 7, what is -115 - 34605311?
-34605426
In base 7, what is 0 - 3404144?
-3404144
In base 2, what is 1100 + -10101011000101001001?
-10101011000100111101
In base 11, what is -7214706 + -1?
-7214707
In base 2, what is 10000 + 101010110010111000010?
101010110010111010010
In base 5, what is 12 - 113204211?
-113204144
In base 8, what is -666 + -1233051?
-1233737
In base 3, what is 1110220 + -212110212002?
-212102101012
In base 14, what is -1 - -13aad497?
13aad496
In base 7, what is 161024 + 1000